{"id":8,"date":"2023-05-19T20:14:46","date_gmt":"2023-05-19T18:14:46","guid":{"rendered":"http:\/\/echiquiers-alpilles-durance.fr\/?page_id=8"},"modified":"2026-02-14T16:59:47","modified_gmt":"2026-02-14T15:59:47","slug":"competition","status":"publish","type":"page","link":"http:\/\/echiquiers-alpilles-durance.fr\/?page_id=8","title":{"rendered":"Comp\u00e9tition"},"content":{"rendered":"\n<p><strong>Ann\u00e9e 2025-2026<\/strong> :<\/p>\n\n\n\n<p>La saison 2025-2026 est en cours avec 3 \u00e9quipes du club repr\u00e9sent\u00e9es : Echiquier Alpilles Durance 1 en N4, Chateaurenard 2 en N6 Bouches du Rh\u00f4ne et Chateaurenard 3 en N6 Vaucluse.<\/p>\n\n\n\n<p><\/p>\n\n\n\n<p><\/p>\n\n\n\n<p>En N4 l&#8217;<strong>Echiquier Alpilles Durance 1<\/strong> a gagn\u00e9 son dernier match contre Caumont sur Durance 1 lors de la 5\u00e8me ronde de la saison. Cette victoire pr\u00e9cieuse sera probablement d\u00e9cisive pour le maintien en Nationale 4 la saison prochaine<\/p>\n\n\n\n<figure class=\"wp-block-image size-full\"><img loading=\"lazy\" decoding=\"async\" width=\"895\" height=\"768\" src=\"http:\/\/echiquiers-alpilles-durance.fr\/wp-content\/uploads\/2026\/02\/image.png\" alt=\"\" class=\"wp-image-213\" srcset=\"http:\/\/echiquiers-alpilles-durance.fr\/wp-content\/uploads\/2026\/02\/image.png 895w, http:\/\/echiquiers-alpilles-durance.fr\/wp-content\/uploads\/2026\/02\/image-300x257.png 300w, http:\/\/echiquiers-alpilles-durance.fr\/wp-content\/uploads\/2026\/02\/image-768x659.png 768w\" sizes=\"auto, (max-width: 895px) 100vw, 895px\" \/><\/figure>\n\n\n\n<p><strong>Chateaurenard 3<\/strong> occupe actuellement une jolie 4\u00e8me place du groupe A des Bouches du Rh\u00f4ne<\/p>\n\n\n\n<figure class=\"wp-block-image size-full\"><img loading=\"lazy\" decoding=\"async\" width=\"900\" height=\"766\" src=\"http:\/\/echiquiers-alpilles-durance.fr\/wp-content\/uploads\/2026\/02\/image-1.png\" alt=\"\" class=\"wp-image-214\" srcset=\"http:\/\/echiquiers-alpilles-durance.fr\/wp-content\/uploads\/2026\/02\/image-1.png 900w, http:\/\/echiquiers-alpilles-durance.fr\/wp-content\/uploads\/2026\/02\/image-1-300x255.png 300w, http:\/\/echiquiers-alpilles-durance.fr\/wp-content\/uploads\/2026\/02\/image-1-768x654.png 768w\" sizes=\"auto, (max-width: 900px) 100vw, 900px\" \/><\/figure>\n\n\n\n<hr class=\"wp-block-separator has-alpha-channel-opacity\"\/>\n\n\n\n<hr class=\"wp-block-separator has-alpha-channel-opacity\"\/>\n\n\n\n<div class=\"wp-block-columns is-layout-flex wp-container-core-columns-is-layout-9d6595d7 wp-block-columns-is-layout-flex\">\n<div class=\"wp-block-column is-layout-flow wp-block-column-is-layout-flow\">\n<p>La saison est termin\u00e9e pour l&#8217;\u00e9quipe <strong>Chateaurenard 2<\/strong>. L&#8217;\u00e9quipe s&#8217;est bien d\u00e9fendue mais n&#8217;a pu \u00e9viter la derni\u00e8re place de la poule.<\/p>\n\n\n\n<figure class=\"wp-block-image size-full\"><img loading=\"lazy\" decoding=\"async\" width=\"904\" height=\"740\" src=\"http:\/\/echiquiers-alpilles-durance.fr\/wp-content\/uploads\/2026\/02\/image-2.png\" alt=\"\" class=\"wp-image-215\" srcset=\"http:\/\/echiquiers-alpilles-durance.fr\/wp-content\/uploads\/2026\/02\/image-2.png 904w, http:\/\/echiquiers-alpilles-durance.fr\/wp-content\/uploads\/2026\/02\/image-2-300x246.png 300w, http:\/\/echiquiers-alpilles-durance.fr\/wp-content\/uploads\/2026\/02\/image-2-768x629.png 768w\" sizes=\"auto, (max-width: 904px) 100vw, 904px\" \/><\/figure>\n\n\n\n<p>Source : site internet f\u00e9d\u00e9ration fran\u00e7aise des \u00e9checs<\/p>\n<\/div>\n\n\n\n<div class=\"wp-block-column is-layout-flow wp-block-column-is-layout-flow\"><\/div>\n<\/div>\n\n\n\n<p><\/p>\n","protected":false},"excerpt":{"rendered":"<p>Ann\u00e9e 2025-2026 : La saison 2025-2026 est en cours avec 3 \u00e9quipes du club repr\u00e9sent\u00e9es : Echiquier Alpilles Durance 1 en N4, Chateaurenard 2 en N6 Bouches du Rh\u00f4ne et Chateaurenard 3 en N6 Vaucluse. En N4 l&#8217;Echiquier Alpilles Durance<\/p>\n","protected":false},"author":1,"featured_media":0,"parent":0,"menu_order":0,"comment_status":"closed","ping_status":"closed","template":"","meta":{"footnotes":""},"class_list":["post-8","page","type-page","status-publish","hentry"],"_links":{"self":[{"href":"http:\/\/echiquiers-alpilles-durance.fr\/index.php?rest_route=\/wp\/v2\/pages\/8","targetHints":{"allow":["GET"]}}],"collection":[{"href":"http:\/\/echiquiers-alpilles-durance.fr\/index.php?rest_route=\/wp\/v2\/pages"}],"about":[{"href":"http:\/\/echiquiers-alpilles-durance.fr\/index.php?rest_route=\/wp\/v2\/types\/page"}],"author":[{"embeddable":true,"href":"http:\/\/echiquiers-alpilles-durance.fr\/index.php?rest_route=\/wp\/v2\/users\/1"}],"replies":[{"embeddable":true,"href":"http:\/\/echiquiers-alpilles-durance.fr\/index.php?rest_route=%2Fwp%2Fv2%2Fcomments&post=8"}],"version-history":[{"count":40,"href":"http:\/\/echiquiers-alpilles-durance.fr\/index.php?rest_route=\/wp\/v2\/pages\/8\/revisions"}],"predecessor-version":[{"id":223,"href":"http:\/\/echiquiers-alpilles-durance.fr\/index.php?rest_route=\/wp\/v2\/pages\/8\/revisions\/223"}],"wp:attachment":[{"href":"http:\/\/echiquiers-alpilles-durance.fr\/index.php?rest_route=%2Fwp%2Fv2%2Fmedia&parent=8"}],"curies":[{"name":"wp","href":"https:\/\/api.w.org\/{rel}","templated":true}]}}